e
Does 131 divide 198596?
True
Does 7 divide 18096?
False
Is 2274947 a multiple of 49?
False
Is 753055 a multiple of 5?
True
Does 3 divide 253869?
True
Is 1121778 a multiple of 126?
True
Is 10 a factor of 223680?
True
Is 640584 a multiple of 41?
True
Does 384 divide 3383808?
True
Does 48 divide 534144?
True
Is 453 a factor of 742014?
True
Is 1291167 a multiple of 261?
True
Is 37 a factor of 3825?
False
Is 20 a factor of 15744?
False
Is 648938 a multiple of 170?
False
Is 209254 a multiple of 4?
False
Does 32 divide 19673984?
True
Is 200395 a multiple of 65?
True
Is 353 a factor of 205675?
False
Is 5 a factor of 3890804?
False
Is 18866716 a multiple of 506?
True
Does 1194 divide 2690155?
False
Is 84 a factor of 3568908?
True
Is 121745 a multiple of 11?
False
Is 191884 a multiple of 44?
True
Is 14 a factor of 1852970?
True
Does 17 divide 335801?
True
Does 122 divide 14495186?
True
Is 44 a factor of 65340?
True
Is 480254 a multiple of 109?
True
Does 262 divide 89654?
False
Does 11 divide 1437392?
True
Does 637 divide 1759020?
False
Does 39 divide 286689?
True
Is 325809 a multiple of 11?
True
Does 49 divide 2112035?
False
Is 1441 a factor of 12428012?
False
Is 11 a factor of 3720739?
True
Is 67161 a multiple of 3?
True
Is 27048 a multiple of 161?
True
Does 147 divide 192276?
True
Is 6 a factor of 177240?
True
Is 1589498 a multiple of 7?
False
Is 61 a factor of 252443?
False
Is 471485 a multiple of 56?
False
Is 605 a factor of 3076425?
True
Does 19 divide 4261643?
True
Is 354100 a multiple of 10?
True
Is 869883 a multiple of 21?
True
Does 11 divide 28567341?
True
Does 103 divide 4179?
False
Is 302832 a multiple of 18?
True
Is 1051843 a multiple of 115?
False
Is 36 a factor of 58680?
True
Is 10143 a multiple of 147?
True
Is 306555 a multiple of 184?
False
Is 11 a factor of 7831428?
True
Is 5 a factor of 898425?
True
Is 1310 a factor of 16371070?
True
Does 12 divide 202032?
True
Does 13 divide 334454?
False
Is 229 a factor of 723653?
False
Is 5 a factor of 867660?
True
Is 280 a factor of 804667?
False
Is 29 a factor of 585191?
True
Is 438210 a multiple of 44?
False
Is 31838348 a multiple of 17?
True
Is 765572 a multiple of 86?
True
Does 3 divide 21621?
True
Is 32371 a multiple of 2?
False
Is 50 a factor of 1144350?
True
Does 5 divide 2922276?
False
Is 5891292 a multiple of 638?
True
Is 29 a factor of 1552283?
True
Is 37 a factor of 5509556?
False
Is 135 a factor of 369743?
False
Is 20 a factor of 23238313?
False
Does 152 divide 2233640?
True
Is 16 a factor of 1242172?
False
Does 80 divide 783120?
True
Does 15 divide 604324?
False
Is 1358409 a multiple of 571?
True
Is 2540 a multiple of 127?
True
Does 7 divide 24878?
True
Is 1824 a multiple of 9?
False
Does 151 divide 9215421?
False
Is 595490 a multiple of 7?
True
Does 361 divide 16431276?
True
Is 286672 a multiple of 46?
True
Is 2105395 a multiple of 22?
False
Is 63888 a multiple of 176?
True
Does 18 divide 29484?
True
Is 9978 a multiple of 67?
False
Does 14 divide 298212?
False
Is 62 a factor of 380804?
True
Is 50 a factor of 1677153?
False
Is 1760535 a multiple of 243?
True
Is 21 a factor of 1721475?
True
Is 317 a factor of 8702374?
False
Does 783 divide 721587?
False
Does 504 divide 502488?
True
Is 8659864 a multiple of 1832?
True
Is 294075 a multiple of 75?
True
Does 146 divide 115282?
False
Is 1412188 a multiple of 146?
False
Does 57 divide 954274?
False
Is 381378 a multiple of 14?
False
Does 2616 divide 9444264?
False
Is 523 a factor of 4599262?
True
Is 2 a factor of 3180?
True
Does 161 divide 168728?
True
Is 947 a factor of 7896086?
True
Does 209 divide 41173?
True
Is 7358 even?
True
Is 14 a factor of 717244?
False
Is 51 a factor of 7433991?
False
Is 14269 a multiple of 2?
False
Does 39 divide 348582?
True
Is 1757625 a multiple of 396?
False
Does 17 divide 5015316?
False
Is 3045436 a multiple of 889?
False
Is 120 a factor of 3471960?
True
Is 1184 a factor of 3068928?
True
Is 14 a factor of 392014?
True
Does 585 divide 1450215?
True
Does 52 divide 128117?
False
Does 24 divide 302304?
True
Is 9744238 a multiple of 379?
False
Does 116 divide 414468?
True
Is 1855143 a multiple of 111?
True
Does 18 divide 3786768?
True
Does 151 divide 3737241?
False
Is 412290 a multiple of 37?
False
Is 117 a factor of 186264?
True
Is 5 a factor of 11418205?
True
Is 131 a factor of 452474?
True
Is 1637450 a multiple of 50?
True
Is 418938 a multiple of 78?
True
Is 598332 a multiple of 338?
False
Is 32373372 a multiple of 37?
True
Is 41 a factor of 50750?
False
Is 1443442 a multiple of 137?
False
Is 1340742 a multiple of 400?
False
Does 505 divide 4824505?
False
Is 82 a factor of 640830?
True
Is 142 a factor of 147822?
True
Is 88 a factor of 152954?
False
Does 263 divide 1726978?
False
Does 3 divide 29127?
True
Is 72 a factor of 108823?
False
Is 399190 a multiple of 38?
True
Does 211 divide 193448?
False
Is 5 a factor of 2175676?
False
Is 128044 a multiple of 5?
False
Does 14 divide 622159?
False
Does 30 divide 13273884?
False
Is 338 a factor of 357033?
False
Does 17 divide 357533?
False
Is 3297918 a multiple of 82?
False
Is 14140 a multiple of 10?
True
Is 667767 a multiple of 489?
False
Is 50 a factor of 1693850?
True
Is 96 a factor of 5427168?
True
Is 5 a factor of 39797?
False
Does 687 divide 1762808?
False
Does 15 divide 12790230?
True
Does 206 divide 1842672?
False
Is 15 a factor of 597966?
False
Is 5312199 a multiple of 659?
True
Is 122 a factor of 2413282?
True
Does 10 divide 1973812?
False
Does 606 divide 57570?
True
Does 59 divide 1019119?
False
Does 36 divide 2552155?
False
Is 86 a factor of 1124772?
False
Is 398130 a multiple of 23?
True
Is 1523 a factor of 13464843?
True
Is 1112 a factor of 8253229?
False
Does 14 divide 186914?
True
Is 99961 a multiple of 252?
False
Is 99 a factor of 399069?
True
Is 26 a factor of 2297724?
True
Does 71 divide 879974?
True
Is 11 a factor of 53237?
False
Does 98 divide 298900?
True
Is 212414 a multiple of 274?
False
Is 55 a factor of 226651?
False
Is 19 a factor of 113582?
True
Does 211 divide 152302?
False
Does 207 divide 201204?
True
Is 1249931 a multiple of 317?
True
Does 2 divide 22891?
False
Does 98 divide 502054?
True
Is 49 a factor of 16648?
False
Is 2048745 a multiple of 219?
True
Does 15 divide 1169361?
False
Is 8326891 a multiple of 73?
True
Is 331 a factor of 12844059?
False
Is 502080 a multiple of 16?
True
Is 22 a factor of 21618094?
False
Does 460 divide 140760?
True
Is 11 a factor of 492456?
False
Is 3384 a multiple of 72?
True
Does 41 divide 134931?
True
Does 15 divide 171105?
True
Is 6 a factor of 32622?
True
Is 5 a factor of 454504?
False
Is 55086 a multiple of 5?
False
Is 13 a factor of 108481?
False
Is 1446912 a multiple of 128?
True
Is 1471090 a multiple of 785?
True
Is 198000 a multiple of 225?
True
Does 9 divide 250164?
True
Is 23298308 a multiple of 484?
True
Is 30152 even?
True
Does 70 divide 243548?
False
Is 312700 a multiple of 46?
False
Does 67 divide 348400?
True
Is 3562020 a multiple of 97?
False
Is 102396 a multiple of 8?
False
Is 100 a factor of 1223697?
False
Does 78 divide 7738926?
True
Does 9 divide 66693?
False
Is 850 a factor of 236711?
False
Is 145 a factor of 1827185?
False
Is 229 a factor of 351057?
True
Is 27 a factor of 112833?
True
Is 14138146 a multiple of 8?
False
Is 273530 a multiple of 34?
True
Does 18 divide 276240?
False
Is 6935648 a multiple of 193?
True
Does 3 divide 3058?
False
Is 23796 a multiple of 18?
True
Is 33336 a multiple of 36?
True
Does 12 divide 46433?
False
Does 5 divide 39940?
True
Does 6 divide 1247715?
False
Does 243 divide 993627?
True
Is 65298 a multiple of 6?
True
Is 499 a factor of 498552?
False
Is 49 a factor of 535694?
False
Is 68 a factor of 179112?
True
Is 207 a factor of 171977?
False
Is 565 a factor of 1843032?
False
Is 240936 a multiple of 85?
False
Is 11662412 a multiple of 118?
True
Is 185 a factor of 988825?
True
Is 53 a factor of 54113?
True
Is 227 a factor of 1784901?
True
Does 29 divide 70951?
False
Is 164 a factor of 2565780?
True
Is 294 a factor of 19637067?
False
Is 2 a factor of 1214256?
True
Is 7712640 a multiple of 2880?
True
Does 24 divide 1650656?
False
Is 32154 a multiple of 138?
True
Is 22139 a multiple of 105?
False
Does 1275 divide 4012425?
True
Is 592 a factor of 3104038?
False